prime number?
False
Let f(u) = -u**3 - 36*u**2 - 83*u + 55. Let n = -119 + 84. Is f(n) a composite number?
True
Let f be (2 + (-1)/2)/(9/12). Suppose 0 = -9*c + 7*c + 3*t + 5030, 3*c - 7545 = -f*t. Is c a composite number?
True
Let u(a) = -4*a - 4*a + 14*a - 15 + a. Let c be u(0). Is -2 + (-3)/(c/1895) composite?
True
Suppose 5*q - 585811 = -4*i, -3*i + 50*q - 53*q + 439356 = 0. Is i a composite number?
False
Suppose 54917 = 8*p - 6202 - 16393. Is p composite?
False
Let l(i) = 8 - 11*i + 17 - 2. Let t(y) = y**2 - 41*y + 322. Let q be t(11). Is l(q) composite?
True
Let j(h) = 52*h + 344291. Is j(0) composite?
False
Suppose 65494 = s - 2*q, 118781 + 77731 = 3*s + 4*q. Let m = -39239 + s. Is m prime?
True
Let r(j) be the third derivative of 29*j**7/360 - j**6/240 + j**5/40 - 13*j**4/12 + 22*j**2. Let v(m) be the second derivative of r(m). Is v(3) a prime number?
False
Suppose -140*h + 136*h + 109456 = 2*j, 2*j - 136817 = -5*h. Is h a prime number?
True
Suppose 0*g = 2*g + 5*n - 43232, -4*g - 4*n = -86500. Is g a prime number?
False
Let k(s) = s**3 + 4*s**2 + s + 10 - 9*s**2 + s - 2*s**3. Let x be k(-5). Is (-2)/(-8) + (14658/24 - x) a prime number?
False
Suppose 12*t = -m + 7*t + 723, -5*t + 3575 = 5*m. Is m composite?
True
Let c(a) be the third derivative of -761*a**4/24 + a**3/6 - 33*a**2. Is c(-6) composite?
False
Suppose 23655 - 254090 = -17*z. Is z a composite number?
True
Let m = 148297 - 64818. Is m composite?
True
Suppose 5*v = -5*a + 40, -76 = -v + 3*a - 88. Suppose 73*u + 938 = 74*u - v*r, -r + 1 = 0. Is u prime?
True
Let s be 72901/8 - ((-117)/24)/13. Suppose -z = -s - 18576. Is z a composite number?
False
Let r be -2139 + (-12)/108 + 38/18. Let c = r - -9194. Is c a prime number?
True
Let q(i) = 1205*i**2 - 2*i - 4. Let p = -916 - -913. Is q(p) prime?
True
Let w be 104936/(-12) + 9/(27/2). Is 3 - 16*w/16 composite?
False
Let u(z) = 3*z**3 + 3*z**2 - 8*z - 3. Suppose 0 = n + 7 - 14. Let k be n/((-1 + -2)*(-2)/6). Is u(k) prime?
True
Suppose 251834 = 2*a + 4*u, a - 125928 = -29*u + 16*u. Is a prime?
False
Suppose -4*b = -25 + 17. Suppose -b*r = -r - 16. Let z = 93 - r. Is z a prime number?
False
Let s(b) = -b**3 + 6*b**2 + 11*b - 56. Let n be s(6). Suppose -4*a = -4*i - 72328, -4*a - n*i + 13*i = -72323. Is a composite?
False
Suppose -75*s + 21*s + 5677398 = 0. Is s composite?
False
Suppose -62*u + 5514682 = 401976. Is u a prime number?
True
Let l = -9438 + 14259. Suppose l + 1009 = -f. Is (-1 - 0)*(f/5)/2 a prime number?
False
Let h(g) be the third derivative of 29*g**5/60 + g**4/12 + 23*g**3/2 + 137*g**2. Is h(-36) prime?
False
Let u be 15/(-9)*(-18)/15. Suppose -x + 6512 = -2*s, -u*x + 5*s + 11013 + 2016 = 0. Is x composite?
True
Let z be (2/4)/((-3)/(-12)). Let t(f) = -46*f - 507. Let p be t(-20). Is p - (z/(-11) + 230/55) prime?
True
Let o be ((-2)/(-3))/((-20)/(-30)). Is o*1/(-4) - 930020/(-208) a composite number?
True
Let y = -59 + 56. Let w be (3 + -3)/((-3)/y). Is (-40)/10 - (-495 + w) a prime number?
True
Let j be (-1)/((-6)/244)*(-114)/4. Let f = j - -6672. Is f a prime number?
False
Suppose 0*g + 2 = g. Is (-10 - (-2981)/33)/(g/12) a prime number?
False
Let h = 97 - 93. Suppose 0 = h*m - 4089 - 947. Is m a composite number?
False
Let k be (-10)/((-30)/6)*-2. Let a(h) = -131*h**3 - 3*h**2 + 2*h - 1. Is a(k) composite?
True
Let r = 63 + -88. Let t = 1821 + r. Is t/4 + 2 + -4 a composite number?
True
Suppose -c - 3*n = -803838, 0 = -33*c + 34*c - n - 803818. Is c a prime number?
False
Is (-210)/45 + 2602953/27 prime?
True
Let i be 6*(-9)/(-45)*((-20)/8)/1. Let y(k) be the first derivative of -34*k**2 + 7*k - 1. Is y(i) a composite number?
False
Suppose -9*r + 1326627 = -3*r - 10345971. Is r composite?
True
Let l(s) = -4*s**2 + 143*s + 45. Let i be l(36). Suppose -i*r = r - 58090. Is r composite?
True
Suppose -48*d + 57*d - 81 = 0. Is (1*(-397)/(-1))/(d/27) a prime number?
False
Suppose 18084 = 669*l - 663*l. Let m = 6421 - l. Is m prime?
True
Let b = 96 + -78. Suppose -19*m - 3 = -b*m. Is (-1)/(m*1/2391) prime?
True
Let q = 46779 + -27542. Is q prime?
True
Suppose 4*f - 4*y - 161560 = 0, 2*y = -3 - 3. Is f a composite number?
False
Let l(c) = c**3 - 16*c**2 + 15*c. Suppose -3*v = -58 + 13. Let g be l(v). Suppose 5*z - 634 = t, g = 4*z - 0*z + 5*t - 513. Is z a composite number?
False
Suppose -4*l + 3*l + 3*f = -17, 5*l - 104 = -4*f. Suppose l = 12*w - 4. Suppose 5*h - 1659 = w*h. Is h composite?
True
Let s be 5/(-40)*4*12. Is -1163*(-4 + -3 - s) composite?
False
Let j(k) = k**3 + 181*k**2 + 357*k + 299. Is j(-152) a composite number?
False
Let b(w) = w + 6. Let h be b(-6). Let u be (-1)/(-10) + (-19765781)/(-1190). Suppose u = 10*j - h*j. Is j composite?
True
Let o be 5/(10/4) - -2. Suppose 350 = o*j + 3*j. Suppose 52*m - 13538 = j*m. Is m composite?
True
Is -4 + -18 + 989471 + 18 a prime number?
True
Suppose 0 = 2*k - d - 9795, -3*k + 0*d = 5*d - 14686. Is k composite?
True
Let l(y) = 44*y**2 + 11*y - 113. Let c(f) = -22*f**2 - 6*f + 57. Let o(i) = 7*c(i) + 4*l(i). Is o(11) a composite number?
True
Let n(o) = -52*o - 70. Let x be n(-21). Let p = 1873 - x. Is p a prime number?
False
Suppose -5*w + 3*r = 1265, 2*w - 3*w + r - 255 = 0. Suppose 0 = -17*j + 14*j + 39. Let b = j - w. Is b prime?
True
Let l(w) = w**2 + 3*w - 1. Let n be l(-5). Suppose 0 = 2*h - 17 + n. Suppose h*s + 16 = 0, 0 = -g - g - s + 814. Is g prime?
True
Let y(v) = -7*v**2 - 6*v - 31. Let f be ((-8)/(-6) + -1)/(7/(-21)). Let j(i) = -i**2 + 1. Let t(n) = f*y(n) + 6*j(n). Is t(-10) a composite number?
True
Suppose 6*u - 7458 + 69144 = 0. Let o = u - -15508. Is o composite?
False
Let k(z) = 358*z**2 - 9*z + 24. Is k(17) a prime number?
True
Let o be (48102/12 + 5)*2. Suppose -4*a - o + 21991 = 0. Is a a composite number?
False
Is (((-4756122)/(-12))/(-21))/((-1)/2) a composite number?
False
Let k be 4058/4*(2/(-1) + -4). Let r = k - -10948. Is r a composite number?
False
Let i be (69088/80)/((-1)/(-25)). Suppose -15*v + 35275 + i = 0. Suppose 0*t + 5*x + 11374 = 3*t, -2*x = -t + v. Is t a prime number?
True
Suppose -a + 62984 = 3*z, 101*a = 103*a - 10. Is z a composite number?
True
Suppose 12*l = v + 10*l - 18, -5*v - 4*l = -118. Suppose v*k = 3*k + 167105. Is k a prime number?
False
Suppose 54 = 3*z - w, 5*z - 3*w - 90 = 2*w. Suppose -11*b + z*b = 15603. Is b prime?
False
Suppose -674 = 5*c - 2*m, -c + 3*m - 27 = 100. Let i = 1623 - c. Is i a composite number?
False
Suppose -5*w = 5*p - 2*p + 40, 2*w - 5*p - 15 = 0. Is (-20)/(-8)*(-10666)/w composite?
False
Suppose 393*u - 390*u - 810771 = 0. Is u a prime number?
False
Suppose 10*n - 10 = 9*n. Suppose -4*s - 2*p + 16 = 0, -n = 5*s - p - 44. Suppose -2*a - s*a = -1688. Is a composite?
False
Suppose 2*r + 11035 = -41*d + 42*d, 44088 = 4*d + 5*r. Is d a composite number?
False
Is -7*(-19274)/12 - (-13)/(-78) prime?
True
Let g(l) = -6*l**3 + 2 - 1 - 3*l**2 - 3 - 11 - l. Let w(y) = -y**3 - 3*y**2 + 10*y + 18. Let c be w(-4). Is g(c) a prime number?
True
Let x(v) = -v**2 - 14*v - 42. Let d be x(-9). Suppose -2*w = -d*n - 255 + 1966, 0 = -2*n + 3*w + 1134. Is n composite?
True
Let v = -254704 - -371333. Is v composite?
True
Let y(b) = 30*b**2 - 20*b + 81. Is y(5) prime?
False
Let l = -23545 + 40462. Is l composite?
True
Let k(d) = 956*d + 829. Is k(24) prime?
True
Suppose -t = 25 - 26. Suppose 5*y - 5*l = -35, 2*l = -2*y + l + t. Is 0 - (y/(-7) - 26229/49) composite?
True
Let c be (-1)/(1/3*30/1310). Let a = 1908 + c. Is a composite?
False
Let j(i) = 2*i**2 + 3*i + 13385. Let c = -453 + 453. Is j(c) prime?
False
Suppose 0*b + 12 = 4*y - b, -4 = -2*y + b. Suppose 0 = 2*l - 7 + 1. Suppose y*r + 5*i - 1976 = 0, 0*i = -5*r - l*i + 2483. Is r prime?
True
Is (-12)/(120/(-70)) + -4 + 133303 a prime number?
False
Suppose -29*w = -64*w + 1541645. Is w composite?
True
Let j(r) = r**3 + 6*r**2 - 3*r + 1. Let n be j(-6). Suppose 8*p - n = 5. Suppose 444 = p*y - 1023. Is y prime?
False
Let w(r) = -r**2 + 18*r + 33. Let j be w(19). Suppose 5*q = 2*l - 18 - 9, j = 4*l - 2*q. Is ((-635)/(-1) - l) + (-12)/4 prime?
True
Suppose 0 = 14*f - 2*m - 1227400, -2*m + 263007 = -3*f + 6*f. Is f prime?
True
Let x(p) = p**3 + 12*p**2 - 27*p + 20. Suppose 2*k = 10, 4*g + 41 = 4*k - 35. Let j be x(g). Suppose 3*a + 2398 = o + j*a, 2*o + a = 4